at is the value of 1 + -31 + 1 - (-45 - (16 + -52))?
-20
Calculate 2 + -2 - (-9 + 13).
-4
What is the value of (29 - (-26 + 4)) + -38?
13
Evaluate -13 + -28 + 13 + -10.
-38
What is 0 + (-4 - -2) + -2 + -12 + 19?
3
What is the value of -8 + 18 - (-6 + 3 + 1)?
12
Calculate (20 + (-3 - 14) - (0 - 1)) + 8.
12
6 + 5 + -4 + (8 - 22) + 7
0
-7 + -2 + (35 + -23 - 18)
-15
Calculate (-1 - 24) + 42 + -8 + 0.
9
Evaluate (20 - 20) + (6 - 6).
0
Evaluate (10 + -35 - -4 - -7) + 35.
21
-10 - (-1 - (5 + 8 + -9))
-5
Evaluate 11 + (4 - ((7 - 1) + -6) - 5).
10
What is -3 - (-1 + (-1 - -7 - 4) + 2)?
-6
What is the value of 5 - 10 - (-6 + -2) - -1?
4
What is 1 + -2 + 4 - (-23 + 94 + -58)?
-10
What is the value of 3 - (-4 + 11 - 12 - -4)?
4
What is 5 + -4 + 7 + -4 - -3?
7
-11 - (-17 + -4 + (17 - 11))
4
(4 - (5 - 13) - 10) + -11 + -1
-10
What is the value of (-14 - -11 - -6) + -15?
-12
Calculate (-9 - (-20 - -27)) + 10.
-6
What is the value of -6 - (1 + 1 + -11 - -3) - 8?
-8
6 - (25 - 10) - -10 - 9
-8
Calculate (-11 - (-23 - (-2 + -3))) + 8.
15
What is the value of -7 - -7 - (-2 + 2 - 6)?
6
Calculate 13 + -13 - (0 + 4).
-4
What is the value of 220 + -204 + (0 - (3 + -1))?
14
Calculate 6 + (-16 - -21) + -2 + -22.
-13
45 + -33 + 2 + 5 + -4
15
What is the value of 111 + -119 + 32 + -1?
23
(1 - -1) + -20 + (-18 - -23) + -11
-24
What is the value of (3 - 0 - (0 - -8)) + 49 + -55?
-11
7 + 5 - ((11 - 7) + (-2 - -4))
6
What is the value of -13 + 5 + 3 + 1 + -11?
-15
Calculate (21 + -11 - 0) + (10 - 5).
15
What is the value of 20 + (25 - 17) + -10?
18
What is the value of (2 + 12 - 8 - 2) + -6?
-2
Evaluate 18 + (-14 - (-10 - -6)).
8
Calculate (-3 - 0) + -1 - -4 - -3 - 31.
-28
What is the value of 12 - (20 - ((13 - 20) + 1))?
-14
7 - ((25 - 1) + -13 + 17 + -8)
-13
What is 2 - ((5 - 1) + 50 + -43)?
-9
Evaluate 8 + -17 - (-2 + -4).
-3
What is 23 - (26 + -15 + 2)?
10
-46 - (-27 + -39) - 29
-9
Calculate (1 - (16 - 4)) + 17 + 1 + -43.
-36
Calculate 13 - (16 - (7 + (1 - 19))).
-14
What is the value of -10 + (13 - (22 + -33))?
14
Calculate (13 - 0) + -16 - (5 - 11 - -8).
-5
2 + -3 + (-11 - 0) + -30 + 30
-12
Evaluate 11 - (15 + 2) - 0.
-6
Evaluate (-2 - (-15 + -17 + 42)) + -1.
-13
What is 4 + 5 + -3 - (13 - -6) - 2?
-15
What is 3 - (-13 + (10 - -33 - 11))?
-16
What is the value of (-1 - -22) + -12 - 7?
2
What is -4 + -5 + -6 + -7 + 15?
-7
-9 - -1 - (43 + -118 + 42)
25
Calculate -18 - (-14 - (14 + -14) - -7).
-11
What is the value of 10 - (0 + 0 - (26 + (-39 - -20)))?
17
What is the value of 27 - (11 - -11 - 14)?
19
What is -12 + -1 - (-7 + (4 - -1))?
-11
Evaluate 7 - (1 - (-2 - 14) - (-5 - -13)).
-2
Calculate -15 + (5 - (15 + -2)) - (-3 + -4).
-16
What is 17 + -10 + -6 - 8?
-7
Calculate 16 - (-1 - 2) - (-23 + 18).
24
Calculate 11 + 3 + 9 + -13.
10
Calculate (10 - -2) + (-1 - -2 - (-2 + 9)).
6
What is -2 + -10 + (-2 - -15)?
1
Evaluate (0 - (4 - 7)) + -3 - 1 - 13.
-14
Calculate (7 + -3 - 10) + (3 - (-16 + -3)).
16
Calculate 304 + -299 + 0 + 4.
9
Calculate -1 + (9 - (2 + 5 + -10)).
11
Evaluate (26 - (-34 + 17)) + -35.
8
-30 + -39 + 68 - (-1 + 14)
-14
Evaluate 16 + (-5 - (0 + -4) - 2).
13
What is -19 - (21 + -17 + 8)?
-31
Calculate 5 - (-7 + (-9 - -15) + -15).
21
11 + (-11 - -4) + -8 + 15
11
Calculate 29 + (-6 - 8) - ((-2 - 0) + 4).
13
Evaluate 3 + -8 + -2 + 13 - -2.
8
What is the value of -2 + 20 + (-1 - 1 - 4) - 2?
10
What is (-38 + 13 - -13) + -11 - (-4 + 1)?
-20
What is 2 + -13 + -4 - (-19 + 7 + 6)?
-9
What is the value of 22 + -43 + 7 + -8?
-22
Calculate 4 - (-22 + 83 - 40).
-17
What is the value of -16 - ((13 - (29 - 14)) + -1 + -2)?
-11
-60 + (-11 - (30 + -80))
-21
Calculate 12 + 0 + -28 + 12.
-4
Evaluate -3 - (2 + -9 - (-4 - -9)).
9
Evaluate -8 - (5 + (-10 - -7)).
-10
-10 + (-7 + 24 - 12 - (1 + 1))
-7
What is the value of 4 + 3 + -7 + 4 + -3?
1
Calculate 20 - (-3 + 23 + -7).
7
What is the value of 23 + 0 + -11 + 5 + -1 + 0?
16
What is the value of (-3 - -5) + 0 + 9 - 15?
-4
66 + -55 - (19 - -3)
-11
What is the value of -2 + -6 + -8 + 14 - 8 - -7?
-3
What is (-7 - (-8 - -1)) + (1 - 1) + 0?
0
Evaluate -1 + (-1 - -8 - -11) - 1.
16
Calculate (-2 + -2 - (-95 - -100)) + 14.
5
2 + 12 + 0 - 0 - (-447 + 452)
9
What is the value of -64 + (31 - (-8 - 8))?
-17
Evaluate 12 - ((-11 - 1) + (184 - 170)).
10
6 - 21 - (3 + 2 - 9)
-11
Calculate -3 - (-2 + 3 + 20 + -8).
-16
0 - (-2 + (9 - (5 + 8)))
6
Calculate -9 + (20 - -15 - 17).
9
(4 - (2 - -1)) + (4 - 20 - -19)
4
6 - 7 - (-13 - 16)
28
0 + 1 - -7 - 13
-5
What is -7 - ((4 - 7 - 0) + -3)?
-1
What is -39 + -44 + 123 + -22?
18
What is 12 + -2 + -346 + 361?
25
Calculate 5 + -9 + 16 - 10.
2
(-28 - -1 - (-8 + 5)) + -82 + 90
-16
31 - (0 - -24) - (0 + -2)
9
Calculate (-11 - -7 - -31) + 1 + -2 - 7.
19
What is (35 - (-40 - -14)) + -22?
39
-13 + (-58 - -48) + (39 - 2)
14
What is the value of 11 + 5 + 3 + -8 + 6?
17
What is the value of 27 - (1 + -14 + 5 + 11)?
24
Calculate 15 - (0 + 21) - -22.
16
Evaluate -3 + (-6 - -2) + (10 - (19 - 12)).
-4
What is the value of (7 - 0) + -8 + 1 + (-37 - -45)?
8
Evaluate 23 - (-16 + (11 - -15)).
13
What is -5 - ((-1 - -6) + -6) - 5?
-9
Calculate 9 + -21 + 3 - 0.
-9
What is -2 + (-9 - (-11 + -4))?
4
Calculate (-55 - (195 - 277)) + (1 - (-8 - 1)).
37
What is -8 + (13 - -1) - 6?
0
What is the value of 3 + 3 + 8 - (1 + -1)?
14
What is the value of (7 - 8) + (-24 - 5 - -8 - -6)?
-16
-6 + 24 - (3 - (13 + -19))
9
19 + -12 + -19 + 6
-6
Calculate 2 + -3 + 1 - ((3 - 5) + -4).
6
What is the value of -10 - (-29 + 14 + 11 + -9)?
3
(-1 - -13) + (32 - (95 + -63))
12
What is 8 - (56 + -35 - (-2 - -1)) - -4?
-10
What is -15 + 58 + -40 - -32?
35
Calculate (-1 - -10 - (9 - 5)) + -2 + 8.
11
Calculate -14 - ((-3 + 15 - 12) + 7 + -1).
-20
What is (11 - 27 - -5) + -1 + (2 - -41)?
31
Calculate -9 + -20 + 17 + 9.
-3
What is 3 + -1 + 15 + -13 + -1 + -5?
-2
What is the value of -9 + 10 + -16 - -1 - 18?
-32
Evaluate 16 - ((-44 - -24) + 41).
-5
(6 - (3 - -8)) + (10 - 0)
5
Evaluate 19 + (-1 - 3) - (-8 + 12 - 6).
17
-2 + -3 + -16 + 19 + 8
6
What is the value of -36 + 42 + -31 - -2?
-23
Evaluate ((-9 - -7) + -3 - -8) + -1 + -32.
-30
-1 + (-4 - (-13 + 9)) + (3 - -2)
4
-2 + (-8 + -10 - -10 - (0 - 12))
2
What is -3 - (-2 + 2 + 2) - (15 - -7)?
-27
(1 - 2) + (-21 - -23) - -14
15
What is the value of 4 + (8 - 16) - -13?
9
What is 2643 + -2621 + (-4 - ((2 - 3) + 0))?
19
What is (72 + -88 - (-5 + 2 + -1)) + -8?
-20
Evaluate 54 + -30 - (-7 - -54).
-23
-15 - 0 - ((-4 - -17) + -9)
-19
What is the value of -5 + 42 + -30 - 29?
-22
-12 + (1 - (8 + (-1 - (-5 - -2))))
-21
Evaluate 3 + -8 + 13 + -9.
-1
Evaluate 10 - (18 + -24 - -7).
9
What is (-41 - -45 - 5) + 38?
37
Calculate (-8 - -2 - 6 - -9) + 7.
4
What is the value of -48 + (71 - (-29 + 70))?
-18
8 + 0 + -5 - (-9 - -4)
8
Evaluate 19 - ((-17 - -58) + -9).
-13
What is 20 - (13 + -5 + 10)?
2
33 + (-2 - 26) - (2 - (0 + -3))
0
Calculate -3 + 30 + -23 - (-3 + 6 + 6).
-5
What is the value of -4 - (5 - 6 - 17) - 2?
12
What is (11 - 1) + (-33 - -24)?
1
Calculate 4 + 10 + -10 + -1 + -2 + 1.
2
Evaluate -2 + -32 + (16 + -51 - -53).
-16
24 + (-8 - -4 - -4)
24
What is -275 + 296 - (1 + -7)?
27
(-22 - 8) + 49 - 6
13
Calculate 511 + -490 + -1 + -17.
3
2 - (-35 - -27) - (27 - 2)
-15
Evaluate -14 + 10 + -3 + 18 - 6 - -4.
9
Evaluate (8 - (7 - 9)) + 2 + -25.
-13
11 + -8 - 9 - (-18 + -4)
16
Evaluate 4 + -8 + 9 + -19.
-14
6 - 12 - (16 + 8 + -10 + -5)
-15
What is the value of -14 + 46 + -20 + 4?
16
13 + -1 - ((-4 - -2) + 25)
-11
8 + -5 + 5 + -21
-13
Evaluate -20 + 18 + 2 - -15.
15
Evaluate 2374 - 2379 - (-2 - (2 - -6)).
5
-17 + 1 + (2 - (12 - 9) - -6)
-11
Evaluate -2 + 2 - (80 - 85).
5
-9 + -27 + (87 - 80)
-29
Calculate (11 - (11 + -11)) + -31.
-20
Calculate 8 + 0 + (101 - 109).
0
What is ((1 - 4) + -7 - -24) + 1 + -1?
14
Evaluate 2 - (51 + -44 + (-4 - -12)).
-13
What is -31 + (13 + -6 - -26) + -15?
-13
3 + (8 - 2) - 17
-8
Calculate 8 + 0 + 1 - (-694 - -698).
5
What is the value of 21 - (-31 - (4 - 17))?
39
What is (7 + 7 - 0) + 2 + (1 - 7)?
10
Calculate 3 + (4 - 8) + (6 - (-4 + 8)).
1
Calculate 7 + (-9 + 9 - 9 - -18).
16
What is the value of 18 - (7 + 7) - (12 - 2 - 2)?
-4
-36 + 13 - (12 + -28)
-7
What is the value of 7 - (7 + 3) - 11 - -4?
-10
What is the value of 0 + -24 + 31 + (-5 - 1)?
1
Evaluate 40 + -18 + -12 + 20.
30
-39 - -26 - 